. Let m be w(-16). Suppose 5*n = 4*z + m, 2*n = n - 5*z + 12. List the prime factors of n.
2, 3
Suppose 26 = -r + 29. Suppose 0 = -0*x - r*x - 5*d + 605, 2*d = x - 220. What are the prime factors of x?
2, 3, 5, 7
Suppose 5*b = -3*v + 57715, -23*b - 35 = -18*b. List the prime factors of v.
2, 5, 7, 11
Let o(p) = 71*p**3 - 2*p + 2. Let m be (3 - 1) + 2/4*-2. List the prime factors of o(m).
71
Suppose 20*h - 13*h - 5845 = 0. Let g = 1347 - h. What are the prime factors of g?
2
Suppose 2*z = -2*g - 14, -2*z - 5*g = -z - 1. Let r(f) = -3*f - 8 - 15 - 113*f**2 + 114*f**2. List the prime factors of r(z).
5, 17
Let m(d) = 14 - 4*d**2 - 6*d + 4*d**2 - 2*d + 6*d**2. Let r(h) = -h**2 + h - 1. Let q(w) = 3*m(w) + 12*r(w). What are the prime factors of q(6)?
2, 3, 29
Let n(m) be the third derivative of -29*m**4/4 + 10*m**3/3 - 54*m**2. List the prime factors of n(-2).
2, 23
Let b = 177 + -169. Suppose 10*i = -b*i + 2790. List the prime factors of i.
5, 31
Let k = -325 + 325. Suppose 17*a = -k*a + 2771. What are the prime factors of a?
163
Let q(b) = -b**3 + 22*b**2 + 50*b - 43. Let p be q(24). Suppose 0 = p*o - 3*h - 3658, 4*o + 5*h - 2678 = 278. What are the prime factors of o?
2, 367
Let x be 18/4 + (-54)/(-36). Suppose 0 = -5*a + x*a - 3*j - 991, -2*a + 2022 = 2*j. What are the prime factors of a?
2, 503
Let m(n) = 36*n**3 - 11*n**2 + 134*n - 9. What are the prime factors of m(6)?
3, 5, 109
Let f be -1*(144/(-126) + (-2)/(-14)). Let k(a) be the third derivative of 37*a**6/20 - a**5/60 - a**4/12 + a**3/2 + 4*a**2. List the prime factors of k(f).
2, 3, 37
Let y(s) = 9*s**2 - 14*s - 41. Let l(h) = h**3 + 5*h**2 + 10*h + 3. Let d be l(-3). List the prime factors of y(d).
2, 11, 37
Suppose -4*x = -2*q - 90484, 3*x - 25*q - 67881 = -28*q. List the prime factors of x.
3, 7541
Let x(b) = 43*b - 3. Let n(m) = 3*m - 10. Let w be n(5). Suppose j + w*q = -22, j + q + 14 = 4*j. What are the prime factors of x(j)?
2, 3, 7
Let j(o) be the third derivative of 1/24*o**4 + 0*o + 0 - 3/2*o**3 + 15*o**2. What are the prime factors of j(22)?
13
Let k = -43 + 43. Suppose 7 = -2*v - 3*g, v + 2*g + k*g + 2 = 0. List the prime factors of 4/v - 615/(-10).
61
Suppose 12 = -4*a, -1176 + 19698 = 5*t + a. What are the prime factors of t?
3, 5, 13, 19
Let n be ((-3)/4)/(21/(-504)). Let h(j) = -3*j + 56. Let q be h(n). Let p(o) = 6*o**2 - 4*o + 8. List the prime factors of p(q).
2, 3
Let b = 34 + -35. Let n be ((-9)/(27/(-15)))/(b*1). What are the prime factors of ((-28)/10)/(n/150)?
2, 3, 7
Let i(x) = 12*x + 10. Let y be 3/5 + (-88)/(-20). Let b be (-5)/(-20)*y*4. List the prime factors of i(b).
2, 5, 7
Suppose -4*z - 67 = 85. Let h be z/(-6) + 24/36. Let s(l) = 2*l - 9. List the prime factors of s(h).
5
Let z(l) = -l**3 - 23*l**2 - 10*l + 44. Let j be -3*(2 + (-119)/(-21)). What are the prime factors of z(j)?
2, 137
Let q(i) = i**2 - i - 6. Let t be q(-4). Suppose -t*w = -204267 + 43743. What are the prime factors of ((-3)/9)/((-14)/w)?
3, 7, 13
Let v = -12294 + 55537. List the prime factors of v.
83, 521
Let g(k) = 16 - 12 - 2 - 40*k. Let t be g(-1). Suppose -t = 20*z - 22*z. List the prime factors of z.
3, 7
Let i = -17 - -21. Suppose -3*x + x = -i*z - 5932, -5*x = 2*z - 14854. What are the prime factors of (-1 + 5)*(x/24)/5?
3, 11
Let z = -27 - -24. List the prime factors of ((-1024)/8)/(1 + z).
2
Suppose -5*k + 19883 = 3*a, -4*a + 5*k = -2*a - 13297. Suppose -6*z = 15*z - a. What are the prime factors of z?
2, 79
Let n(x) = 5*x - 20. Suppose -72 = -5*d - 2*u, 5*d - 101 + 13 = 2*u. Let g be 108/d + (10/8)/5. What are the prime factors of n(g)?
3, 5
Suppose 0 = -5*y + 4*j + 4328, -3*y - 171 + 2759 = 2*j. Let d = y - 379. What are the prime factors of d?
5, 97
Let r(m) = 2*m**2 - 5*m + 9. Let y be r(-8). Suppose -y = 3*u - 6*u. Let s = u + -29. List the prime factors of s.
2, 3, 5
Let w(y) = -y**3 + 6*y**2 + 12*y - 15. Let h be w(7). Suppose -2*v + 7*v - h = 0, -3*v + 467 = 5*x. What are the prime factors of x?
7, 13
List the prime factors of (10007 + (0 - 1))*(20/8)/5.
5003
Let r(f) = 13*f**2 - 383*f - 90. What are the prime factors of r(52)?
2, 7573
Let o(y) = -3*y**3 + 64*y**2 - 6*y + 15. What are the prime factors of o(19)?
2, 607
Suppose 0 = -2*m + 190 + 38. Suppose w = -3*y - 2*w + m, 170 = 5*y + w. Suppose 3*c - 249 = y. What are the prime factors of c?
2, 47
Let k(p) = 73*p**2 - 6*p + 1. Let f be k(4). Suppose -4*b = 20, -f = -9*u + 4*u - 4*b. List the prime factors of u.
233
Let h = -41 + 33. Let a be -1*(h/(-16) - 11/2). Let z(t) = 4*t - 13. List the prime factors of z(a).
7
Let d(r) = 6*r + 24. Suppose 0 = 3*s + 3*x + 6 + 9, 3*x = -6. Let c be d(s). List the prime factors of 222 + 6*(9/c + -1).
3, 5
Let w = 11040 - 5860. What are the prime factors of w?
2, 5, 7, 37
Suppose 150 = 32*a - 57*a. List the prime factors of (2 + a + (2 - -1579))*1.
19, 83
Suppose -2*p - p + 419 = -q, 4*p + 2*q - 542 = 0. Let o = p + 2. Suppose -2*s + 28 = -o. List the prime factors of s.
2, 3, 7
Let k be ((-4944)/(-72))/(((-4)/(-363))/2). Suppose 14*w = 25*w - k. List the prime factors of w.
11, 103
Let o(u) = 34*u + 35. Let x be o(-4). List the prime factors of (x + -23)*11/(-2).
2, 11, 31
Suppose -29*b - 45531 = -225940. List the prime factors of b.
6221
Let r(q) be the first derivative of -q**3/3 + 2*q**2 - 7*q - 13. Let l be r(3). What are the prime factors of (-7)/14 + (-62)/l?
3, 5
Let i(v) = -4*v**3 + 13*v**2 - 33*v - 2. Let c be i(-15). Suppose 4*w + 21190 + c = -2*d, -3*w - d - 28580 = 0. List the prime factors of (-1)/5 + w/(-55).
173
Let w = -17454 - -48832. List the prime factors of w.
2, 29, 541
Let j(z) = z**3 + 9*z**2 - 5*z - 12. Let r = 68 + -77. Let c be j(r). Suppose -c*m + 36*m = 333. List the prime factors of m.
3, 37
Let b = -30 - -181. Let r(t) = -t + 46. Let s be r(5). Suppose -b = -12*q + s. What are the prime factors of q?
2
Suppose -2*r - 4*n + 3*n - 12 = 0, r = 3*n - 6. List the prime factors of (0 + r/(-5))/((-36)/(-32280)).
2, 269
Let p(j) = 3*j**2 + 21*j + 12. Suppose 0 = 2*a - 3*c + 24, -3*c - 22 = a - 7*c. Let v be p(a). List the prime factors of 460/3 - 2 - (-2)/v.
151
Suppose 138*l - 525653 = 289990 - 129783. List the prime factors of l.
2, 5, 7, 71
What are the prime factors of (-56684)/(-2) + 2/((15 + 0)/(-15))?
2, 5, 13, 109
Let x(g) = g - 7. Let f be x(9). Suppose 5*r = -20, -f*z = 2*z + r - 12. Suppose 71 = 2*h + z*q - 115, 3*q = 0. What are the prime factors of h?
3, 31
Let i = -45 - -48. Suppose 2*t = -2*z - 28, -i*z - 12 = -3*t - 42. What are the prime factors of (-42)/((1/4)/(10/t))?
2, 5, 7
Suppose -40 = -4*h - 2*f, 0 = -5*h - 3*f + f + 48. Let t be -4 - (-5 - h) - -2. Suppose 444 = -t*u + 1566. List the prime factors of u.
2, 3, 17
Let s = -35 - -60. Let k be (-2)/8 - s*(-55)/(-20). Let p = k + 153. What are the prime factors of p?
2, 3, 7
Suppose 0 = -123*h + 119*h + 224. Let f = h + 251. What are the prime factors of f?
307
Let m be -6*(-2)/(-10)*(-160)/24. What are the prime factors of (-11766)/(-48) + (-1)/m?
5, 7
Suppose 0 = 104*d - 103*d - 1980. Let p = d - 1032. List the prime factors of p.
2, 3, 79
Let b(o) = 2*o - 23. Let l be b(10). Let z(t) = -t**2 - 9*t - 13. Let v be z(l). Suppose 5*d = -4*i + 526 + 159, -i = -v*d + 710. List the prime factors of d.
3, 47
Suppose -7*x - 1202 = 1220. Let h = x - -1119. What are the prime factors of h?
773
Suppose 3 + 5 = 4*f. Suppose -a + 3 = -f*o, 5*a - 4*a - 19 = -2*o. List the prime factors of 2/a - (-3600)/44.
2, 41
Let z = -23 - -119. Let k be (20 + -29)*(0 + -1) + 210. Suppose 2*a - 4*n = z, 3*a - 5*n - k = -80. What are the prime factors of a?
2, 19
Let t be (-6)/4 + (-3201)/(-22). List the prime factors of 41634/t - 2/16.
17
Let i(k) = -k**2 - 54*k + 42. Suppose 7*y + 4 = -290. List the prime factors of i(y).
2, 3, 7, 13
Suppose 49*d = 44*d + 2*n + 77559, 0 = 5*d - 3*n - 77556. What are the prime factors of d?
3, 5171
Let r(p) = 603*p + 2747. List the prime factors of r(21).
2, 5, 23, 67
Let m be 20/(-15)*(-3)/1. Suppose -10 - 4 = -4*q + k, m*q - 24 = -4*k. Suppose -3*a = -2*a - q, 5*w = 4*a + 514. What are the prime factors of w?
2, 53
Let k(i) = -18*i**3 + 2*i**2 - 2*i - 1. Let a be k(-1). What are the prime factors of 42/6*(1713/a - 1)?
2, 3, 47
Let z = 239 + -168. Let a = -56 + z. List th